{"id":286,"date":"2022-04-28T10:33:57","date_gmt":"2022-04-28T08:33:57","guid":{"rendered":"https:\/\/ires.univ-tlse3.fr\/rallye-sciences-experimentales\/?page_id=286"},"modified":"2022-04-28T10:36:45","modified_gmt":"2022-04-28T08:36:45","slug":"formations-proposees","status":"publish","type":"page","link":"https:\/\/ires.univ-tlse3.fr\/rallye-sciences-experimentales\/formations-proposees\/","title":{"rendered":"Formations propos\u00e9es"},"content":{"rendered":"\n<p>Ateliers en distanciel anim\u00e9s dans le cadre du Forum national \u00ab\u00a0Activons la Science en classes\u00a0\u00bb organis\u00e9 par la Fondation de la main \u00e0 la p\u00e2te<\/p>\n\n\n\n<ul class=\"wp-block-list\"><li><strong>Ann\u00e9e 2021-2022 : (26 mars 2022) \u00ab\u00a0un rallye grandeur nature\u00a0\u00bb<\/strong><\/li><li><strong>Ann\u00e9e 2020-2021 : (27 mars 2021) \u00ab\u00a0r\u00e9fl\u00e9chir en s&rsquo;amusant\u00a0\u00bb<\/strong><\/li><\/ul>\n","protected":false},"excerpt":{"rendered":"<p>Ateliers en distanciel anim\u00e9s dans le cadre du Forum national \u00ab\u00a0Activons la Science en classes\u00a0\u00bb organis\u00e9 par la Fondation de la main [&hellip;]<\/p>\n","protected":false},"author":58,"featured_media":0,"parent":0,"menu_order":0,"comment_status":"closed","ping_status":"closed","template":"","meta":{"inline_featured_image":false,"footnotes":""},"class_list":["post-286","page","type-page","status-publish","hentry"],"_links":{"self":[{"href":"https:\/\/ires.univ-tlse3.fr\/rallye-sciences-experimentales\/wp-json\/wp\/v2\/pages\/286","targetHints":{"allow":["GET"]}}],"collection":[{"href":"https:\/\/ires.univ-tlse3.fr\/rallye-sciences-experimentales\/wp-json\/wp\/v2\/pages"}],"about":[{"href":"https:\/\/ires.univ-tlse3.fr\/rallye-sciences-experimentales\/wp-json\/wp\/v2\/types\/page"}],"author":[{"embeddable":true,"href":"https:\/\/ires.univ-tlse3.fr\/rallye-sciences-experimentales\/wp-json\/wp\/v2\/users\/58"}],"replies":[{"embeddable":true,"href":"https:\/\/ires.univ-tlse3.fr\/rallye-sciences-experimentales\/wp-json\/wp\/v2\/comments?post=286"}],"version-history":[{"count":3,"href":"https:\/\/ires.univ-tlse3.fr\/rallye-sciences-experimentales\/wp-json\/wp\/v2\/pages\/286\/revisions"}],"predecessor-version":[{"id":290,"href":"https:\/\/ires.univ-tlse3.fr\/rallye-sciences-experimentales\/wp-json\/wp\/v2\/pages\/286\/revisions\/290"}],"wp:attachment":[{"href":"https:\/\/ires.univ-tlse3.fr\/rallye-sciences-experimentales\/wp-json\/wp\/v2\/media?parent=286"}],"curies":[{"name":"wp","href":"https:\/\/api.w.org\/{rel}","templated":true}]}}