{"id":54,"date":"2017-03-02T21:17:24","date_gmt":"2017-03-02T20:17:24","guid":{"rendered":"http:\/\/ires.univ-tlse3.fr\/numerique\/?page_id=54"},"modified":"2018-11-09T16:06:51","modified_gmt":"2018-11-09T15:06:51","slug":"publications","status":"publish","type":"page","link":"https:\/\/ires.univ-tlse3.fr\/numerique\/publications\/","title":{"rendered":"Publications"},"content":{"rendered":"<ul>\n<li>Formation sur <a href=\"https:\/\/www.dgpad.net\/\">DGPad<\/a>, un logiciel de g\u00e9om\u00e9trie dynamique\u00a0 con\u00e7u pour tablettes et ordinateurs. Ce logiciel int\u00e8gre aussi un outil de programmation par bloc : Blockly.\u00a0<a href=\"http:\/\/ires.univ-tlse3.fr\/yourls\/dgpadlimoges\">Cette formation<\/a> a \u00e9t\u00e9 conduite par Monique Gironce lors d&rsquo;un stage PAF 2017 (acad\u00e9mie de Limoges)<\/li>\n<\/ul>\n","protected":false},"excerpt":{"rendered":"<p>Formation sur DGPad, un logiciel de g\u00e9om\u00e9trie dynamique\u00a0 con\u00e7u pour tablettes et ordinateurs. Ce logiciel int\u00e8gre aussi un outil de programmation par [&hellip;]<\/p>\n","protected":false},"author":7,"featured_media":0,"parent":0,"menu_order":0,"comment_status":"closed","ping_status":"closed","template":"","meta":{"inline_featured_image":false,"footnotes":""},"class_list":["post-54","page","type-page","status-publish","hentry"],"jetpack_sharing_enabled":true,"_links":{"self":[{"href":"https:\/\/ires.univ-tlse3.fr\/numerique\/wp-json\/wp\/v2\/pages\/54","targetHints":{"allow":["GET"]}}],"collection":[{"href":"https:\/\/ires.univ-tlse3.fr\/numerique\/wp-json\/wp\/v2\/pages"}],"about":[{"href":"https:\/\/ires.univ-tlse3.fr\/numerique\/wp-json\/wp\/v2\/types\/page"}],"author":[{"embeddable":true,"href":"https:\/\/ires.univ-tlse3.fr\/numerique\/wp-json\/wp\/v2\/users\/7"}],"replies":[{"embeddable":true,"href":"https:\/\/ires.univ-tlse3.fr\/numerique\/wp-json\/wp\/v2\/comments?post=54"}],"version-history":[{"count":8,"href":"https:\/\/ires.univ-tlse3.fr\/numerique\/wp-json\/wp\/v2\/pages\/54\/revisions"}],"predecessor-version":[{"id":441,"href":"https:\/\/ires.univ-tlse3.fr\/numerique\/wp-json\/wp\/v2\/pages\/54\/revisions\/441"}],"wp:attachment":[{"href":"https:\/\/ires.univ-tlse3.fr\/numerique\/wp-json\/wp\/v2\/media?parent=54"}],"curies":[{"name":"wp","href":"https:\/\/api.w.org\/{rel}","templated":true}]}}