{"id":262,"date":"2017-09-30T17:59:44","date_gmt":"2017-09-30T15:59:44","guid":{"rendered":"http:\/\/ires.univ-tlse3.fr\/esprit-critique-science-et-medias\/?page_id=262"},"modified":"2020-04-24T17:20:53","modified_gmt":"2020-04-24T15:20:53","slug":"le-pouvoir-des-pyramides-verification-experimentale-dune-affirmation-extraordinaire","status":"publish","type":"page","link":"https:\/\/ires.univ-tlse3.fr\/esprit-critique-science-et-medias\/?page_id=262","title":{"rendered":"Le pouvoir des pyramides : v\u00e9rification exp\u00e9rimentale d\u2019une affirmation extraordinaire"},"content":{"rendered":"<p>30\/09\/2017<\/p>\n<p>Parmi les nombreuses sp\u00e9culations entourant les pyramides d\u2019Egypte, certaines attribuent des pouvoirs extraordinaires \u00e0 ces \u00e9difices.<br \/>\nAinsi, certains adeptes du paranormal affirment que la pyramide de Kh\u00e9ops a des proportions telles qu\u2019elle produit des ondes dites \u00ab de forme \u00bb favorisant la momification au niveau de la Chambre du roi, ces propri\u00e9t\u00e9s seraient \u00e9galement poss\u00e9d\u00e9es par toute structure pyramidale ayant les m\u00eames proportions et la m\u00eame orientation.<\/p>\n<p>Cette activit\u00e9 a pour objectif de montrer comment une \u00e9tude exp\u00e9rimentale men\u00e9e par les \u00e9l\u00e8ves permet de v\u00e9rifier cette affirmation consid\u00e9r\u00e9e \u00e0 titre d\u2019hypoth\u00e8se, et comment cette \u00e9tude peut \u00eatre valid\u00e9e \u00e0 la mani\u00e8re de ce qui se fait en recherche scientifique.<\/p>\n<p><span style=\"text-decoration: underline\">Organisation de la s\u00e9ance<\/span> :<br \/>\nApr\u00e8s mise en situation au moyen d&rsquo;une s\u00e9quence vid\u00e9o, les \u00e9l\u00e8ves sont amen\u00e9s \u00e0 \u00e9tablir et \u00e0 suivre un protocole exp\u00e9rimental mod\u00e9lisant les proportions de la pyramide de Kh\u00e9ops. Une mise en commun, avec distanciation critique vis \u00e0 vis de la valeur statistique, permet d&rsquo;invalider l&rsquo;hypoth\u00e8se.<\/p>\n<p style=\"text-align: center\">Fiche \u00e0 t\u00e9l\u00e9charger :<\/p>\n<p style=\"text-align: center\"><a href=\"http:\/\/ires.univ-tlse3.fr\/esprit-critique-science-et-medias\/wp-content\/uploads\/sites\/11\/2017\/09\/Ve\u0301rification-expe\u0301rimentale-dune-affirmation-extraordinaire-sur-la-pyramide-de-Khe\u0301ops.pdf\">Ve\u0301rification expe\u0301rimentale d&rsquo;une affirmation extraordinaire\u00a0sur la pyramide de Khe\u0301ops<\/a> 24 04<\/p>\n<p style=\"text-align: center\"><a href=\"http:\/\/ires.univ-tlse3.fr\/esprit-critique-science-et-medias\/wp-content\/uploads\/sites\/11\/2017\/09\/V\u00e9rification-exp\u00e9rimentale-dune-affirmation-extraordinaire-sur-la-pyramide-de-Kh\u00e9ops.pdf\" target=\"_blank\" rel=\"noopener noreferrer\">V\u00e9rification exp\u00e9rimentale d&rsquo;une affirmation extraordinaire\u00a0sur la pyramide de Kh\u00e9ops<\/a><\/p>\n","protected":false},"excerpt":{"rendered":"<p>30\/09\/2017 Parmi les nombreuses sp\u00e9culations entourant les pyramides d\u2019Egypte, certaines attribuent des pouvoirs extraordinaires \u00e0 ces \u00e9difices. Ainsi, certains adeptes du paranormal [&hellip;]<\/p>\n","protected":false},"author":18,"featured_media":0,"parent":31,"menu_order":0,"comment_status":"closed","ping_status":"closed","template":"","meta":{"inline_featured_image":false,"jetpack_post_was_ever_published":false,"footnotes":""},"class_list":["post-262","page","type-page","status-publish","hentry"],"jetpack_sharing_enabled":true,"jetpack_shortlink":"https:\/\/wp.me\/P8paGj-4e","jetpack-related-posts":[],"_links":{"self":[{"href":"https:\/\/ires.univ-tlse3.fr\/esprit-critique-science-et-medias\/index.php?rest_route=\/wp\/v2\/pages\/262","targetHints":{"allow":["GET"]}}],"collection":[{"href":"https:\/\/ires.univ-tlse3.fr\/esprit-critique-science-et-medias\/index.php?rest_route=\/wp\/v2\/pages"}],"about":[{"href":"https:\/\/ires.univ-tlse3.fr\/esprit-critique-science-et-medias\/index.php?rest_route=\/wp\/v2\/types\/page"}],"author":[{"embeddable":true,"href":"https:\/\/ires.univ-tlse3.fr\/esprit-critique-science-et-medias\/index.php?rest_route=\/wp\/v2\/users\/18"}],"replies":[{"embeddable":true,"href":"https:\/\/ires.univ-tlse3.fr\/esprit-critique-science-et-medias\/index.php?rest_route=%2Fwp%2Fv2%2Fcomments&post=262"}],"version-history":[{"count":4,"href":"https:\/\/ires.univ-tlse3.fr\/esprit-critique-science-et-medias\/index.php?rest_route=\/wp\/v2\/pages\/262\/revisions"}],"predecessor-version":[{"id":896,"href":"https:\/\/ires.univ-tlse3.fr\/esprit-critique-science-et-medias\/index.php?rest_route=\/wp\/v2\/pages\/262\/revisions\/896"}],"up":[{"embeddable":true,"href":"https:\/\/ires.univ-tlse3.fr\/esprit-critique-science-et-medias\/index.php?rest_route=\/wp\/v2\/pages\/31"}],"wp:attachment":[{"href":"https:\/\/ires.univ-tlse3.fr\/esprit-critique-science-et-medias\/index.php?rest_route=%2Fwp%2Fv2%2Fmedia&parent=262"}],"curies":[{"name":"wp","href":"https:\/\/api.w.org\/{rel}","templated":true}]}}