{"id":171,"date":"2017-06-23T11:27:36","date_gmt":"2017-06-23T09:27:36","guid":{"rendered":"http:\/\/ires.univ-tlse3.fr\/esprit-critique-science-et-medias\/?page_id=171"},"modified":"2024-06-14T14:44:32","modified_gmt":"2024-06-14T12:44:32","slug":"formations","status":"publish","type":"page","link":"https:\/\/ires.univ-tlse3.fr\/esprit-critique-science-et-medias\/?page_id=171","title":{"rendered":"Formations et interventions"},"content":{"rendered":"<p align=\"JUSTIFY\"><img data-recalc-dims=\"1\" fetchpriority=\"high\" decoding=\"async\" data-attachment-id=\"383\" data-permalink=\"https:\/\/ires.univ-tlse3.fr\/esprit-critique-science-et-medias\/?attachment_id=383\" data-orig-file=\"https:\/\/i0.wp.com\/ires.univ-tlse3.fr\/esprit-critique-science-et-medias\/wp-content\/uploads\/sites\/11\/2017\/12\/formation.png?fit=500%2C500&amp;ssl=1\" data-orig-size=\"500,500\" data-comments-opened=\"0\" data-image-meta=\"{&quot;aperture&quot;:&quot;0&quot;,&quot;credit&quot;:&quot;&quot;,&quot;camera&quot;:&quot;&quot;,&quot;caption&quot;:&quot;&quot;,&quot;created_timestamp&quot;:&quot;0&quot;,&quot;copyright&quot;:&quot;&quot;,&quot;focal_length&quot;:&quot;0&quot;,&quot;iso&quot;:&quot;0&quot;,&quot;shutter_speed&quot;:&quot;0&quot;,&quot;title&quot;:&quot;&quot;,&quot;orientation&quot;:&quot;0&quot;}\" data-image-title=\"formation\" data-image-description=\"\" data-image-caption=\"\" data-medium-file=\"https:\/\/i0.wp.com\/ires.univ-tlse3.fr\/esprit-critique-science-et-medias\/wp-content\/uploads\/sites\/11\/2017\/12\/formation.png?fit=300%2C300&amp;ssl=1\" data-large-file=\"https:\/\/i0.wp.com\/ires.univ-tlse3.fr\/esprit-critique-science-et-medias\/wp-content\/uploads\/sites\/11\/2017\/12\/formation.png?fit=500%2C500&amp;ssl=1\" class=\"size-medium wp-image-383 alignright\" src=\"https:\/\/i0.wp.com\/ires.univ-tlse3.fr\/esprit-critique-science-et-medias\/wp-content\/uploads\/sites\/11\/2017\/12\/formation.png?resize=300%2C300\" alt=\"\" width=\"300\" height=\"300\" srcset=\"https:\/\/i0.wp.com\/ires.univ-tlse3.fr\/esprit-critique-science-et-medias\/wp-content\/uploads\/sites\/11\/2017\/12\/formation.png?resize=300%2C300&amp;ssl=1 300w, https:\/\/i0.wp.com\/ires.univ-tlse3.fr\/esprit-critique-science-et-medias\/wp-content\/uploads\/sites\/11\/2017\/12\/formation.png?resize=150%2C150&amp;ssl=1 150w, https:\/\/i0.wp.com\/ires.univ-tlse3.fr\/esprit-critique-science-et-medias\/wp-content\/uploads\/sites\/11\/2017\/12\/formation.png?resize=230%2C230&amp;ssl=1 230w, https:\/\/i0.wp.com\/ires.univ-tlse3.fr\/esprit-critique-science-et-medias\/wp-content\/uploads\/sites\/11\/2017\/12\/formation.png?resize=350%2C350&amp;ssl=1 350w, https:\/\/i0.wp.com\/ires.univ-tlse3.fr\/esprit-critique-science-et-medias\/wp-content\/uploads\/sites\/11\/2017\/12\/formation.png?resize=480%2C480&amp;ssl=1 480w, https:\/\/i0.wp.com\/ires.univ-tlse3.fr\/esprit-critique-science-et-medias\/wp-content\/uploads\/sites\/11\/2017\/12\/formation.png?w=500&amp;ssl=1 500w\" sizes=\"(max-width: 300px) 100vw, 300px\" \/><\/p>\n<p align=\"JUSTIFY\"><strong>Ann\u00e9e 2023-2024 :<\/strong><br \/>\n\u2022 Participation aux \u00ab\u00a0Rencontres de l&rsquo;esprit critique\u00a0\u00bb <a href=\"https:\/\/rec-toulouse.fr\/\" target=\"_blank\" rel=\"noopener\">REC2024<\/a> : animation des conf\u00e9rences \u00ab\u00a0L&rsquo;alchimie, quand la science s&rsquo;accordait avec la magie\u00a0\u00bb et \u00ab\u00a0L&rsquo;abb\u00e9 Spallanzani et ses slips pour grenouilles, ou : comment passer \u00e0 c\u00f4t\u00e9 d&rsquo;une grande d\u00e9couverte ?\u00a0\u00bb (Lab\u00e8ge, Sicoval)<br \/>\n\u2022 \u00ab\u00a0Les biais cognitifs. Un concept, ses limites, ses inte\u0301re\u0302ts\u00a0\u00bb, pour professeurs documentalistes de l\u2019acad\u00e9mie Orle\u0301ans-Tours (stage PRAF)<br \/>\n\u2022 \u00ab\u00a0\u00c9pist\u00e9mologie et enseignement des sciences\u00a0\u00bb, pour professeurs de l\u2019acad\u00e9mie de Toulouse (stage PRAF)<br \/>\n\u2022 \u00ab\u00a0Approche philosophique de la th\u00e9orie de l&rsquo;\u00e9volution\u00a0\u00bb, pour professeurs de l\u2019acad\u00e9mie de Toulouse (stage PRAF)<br \/>\n\u2022 \u00ab\u00a0Lecture critique de l&rsquo;image\u00a0\u00bb, pour les enseignants coll\u00e8ge\/lyc\u00e9e de l&rsquo;acad\u00e9mie de Toulouse (stage PRAF)<br \/>\n\u2022 \u00ab\u00a0Croisements entre EMI et \u00e9ducation \u00e0 l&rsquo;esprit critique\u00a0\u00bb, pour professeurs documentaliste de l&rsquo;acad\u00e9mie de Toulouse (stage PRAF)<br \/>\n\u2022 \u00ab\u00a0Former \u00e0 l&rsquo;esprit critique dans son enseignement\u00a0\u00bb, pour les enseignants coll\u00e8ge\/lyc\u00e9e de l&rsquo;acad\u00e9mie de Toulouse (stage PRAF)<\/p>\n<p align=\"JUSTIFY\"><strong>Ann\u00e9e 2022-2023 :<br \/>\n<\/strong>\u2022 Participation au <a href=\"https:\/\/ciiehm-toulouse.sciencesconf.org\/\">XXIVe colloque Inter-IREM Episte\u0301mologie<\/a> sur les mathe\u0301matiques et les sciences\u00a0\u00bb : animation de l&rsquo;atelier \u00ab\u00a0Les faits s&rsquo;imposent-ils au chercheur en sciences empiriques ?\u00a0\u00bb<strong><br \/>\n<\/strong> \u2022 Participation au <a href=\"https:\/\/www.reseau-canope.fr\/occitanie\/printemps-de-lemi\" target=\"_blank\" rel=\"noopener\">Printemps de l\u2019EMI 2023<\/a>, organis\u00e9 par R\u00e9seau Canop\u00e9 en partenariat avec le Cl\u00e9mi et les rectorats des acad\u00e9mies de Toulouse et de Montpellier\u00a0: animation du webinaire \u00ab\u00a0Esprit critique et gestion en classe de l\u2019abondance d\u2019information sur le climat\u00a0\u00bb<strong><br \/>\n<\/strong>\u2022 Participation aux \u00ab\u00a0Rencontres de l&rsquo;esprit critique\u00a0\u00bb <a href=\"https:\/\/rec-toulouse.fr\/\" target=\"_blank\" rel=\"noopener\">REC2023<\/a> : ateliers \u00ab\u00a0Peut-on se fier aux news sant\u00e9 ?\u00a0\u00bb et \u00ab\u00a0Est-il raisonnable de penser que les faits s&rsquo;imposent \u00e0 nous ?\u00a0\u00bb, affiches \u00ab\u00a0Jouons avec notre cerveau\u00a0\u00bb (Lab\u00e8ge, Sicoval)<strong><br \/>\n<\/strong>\u2022 \u00ab\u00a0Lecture critique de l&rsquo;image\u00a0\u00bb, pour les enseignants coll\u00e8ge\/lyc\u00e9e de l&rsquo;acad\u00e9mie de Toulouse (stage PRAF)<\/p>\n<p align=\"JUSTIFY\">\u2022\u00a0\u00bbCroisement EMI et Esprit critique\u00a0\u00bb pour les professeurs documentalistes de l&rsquo;acad\u00e9mie de Toulouse (stage PAF).<\/p>\n<p align=\"JUSTIFY\">\u2022\u00a0\u00bbComment \u00e9valuer la qualit\u00e9 des informations dans la sant\u00e9\u00a0\u00bb pour les enseignants de SVT et les professeurs documentalistes de l&rsquo;acad\u00e9mie de Toulouse \u00e0 la Maison pour la science (stage PAF).<\/p>\n<p align=\"JUSTIFY\">\u00a0<span data-sheets-formula-bar-text-style=\"font-size:13px;color:#000000;font-weight:normal;text-decoration:none;font-family:'docs-Calibri';font-style:normal;text-decoration-skip-ink:none;\">\u2022 \u00ab\u00a0Esprit critique appliqu\u00e9 \u00e0 l&rsquo;histoire des sciences\u00a0\u00bb, pour les professeurs de SVT de l\u2019acad\u00e9mie de Toulouse (stage PAF)<br \/>\n\u2022 \u00ab\u00a0Adopter et faire adopter une pens\u00e9e critique en classe\u00a0\u00bb, pour la pr\u00e9paration \u00e0 l&rsquo;agr\u00e9gation interne de SVT de Toulouse<\/span><span data-sheets-formula-bar-text-style=\"font-size:13px;color:#000000;font-weight:normal;text-decoration:none;font-family:'docs-Calibri';font-style:normal;text-decoration-skip-ink:none;\"> (stage PAF)<\/span><\/p>\n<p align=\"JUSTIFY\"><strong>Ann\u00e9e 2021-2022 :<br \/>\n<\/strong><span data-sheets-formula-bar-text-style=\"font-size:13px;color:#000000;font-weight:normal;text-decoration:none;font-family:'docs-Calibri';font-style:normal;text-decoration-skip-ink:none;\">\u2022 \u00ab\u00a0R\u00e9volution scientifique et esprit critique\u00a0\u00bb, pour les professeurs de sciences en coll\u00e8ge-lyc\u00e9e (stage PAF)<br \/>\n\u2022 \u00ab\u00a0Esprit critique appliqu\u00e9 \u00e0 l&rsquo;histoire des sciences\u00a0\u00bb, pour les professeurs de SVT du bassin Aveyron (stage PAF, public d\u00e9sign\u00e9) &#8211; annul\u00e9 en raison des restrictions dues au Covid<\/span><br \/>\n\u2022 \u00ab\u00a0Lecture critique de l&rsquo;image\u00a0\u00bb, pour les professeurs documentalistes de l\u2019acad\u00e9mie de Toulouse (stage PAF)<br \/>\n\u2022 Participation au congr\u00e8s \u00ab <a href=\"http:\/\/www.science-and-you.com\" target=\"_blank\" rel=\"noopener\">Science &amp; You<\/a> \u00bb (Universit\u00e9 de Lorraine)<br \/>\n\u2022 Accompagnement p\u00e9dagogique des podcasts \u00ab <a href=\"https:\/\/podcast.ausha.co\/au-crible-de-la-science\" target=\"_blank\" rel=\"noopener\">Au crible de la science<\/a> \u00bb, en partenariat avec l&rsquo;Universit\u00e9 F\u00e9d\u00e9rale de Toulouse, l&rsquo;Acad\u00e9mie de Toulouse, le Quai des savoirs<br \/>\n\u2022 Participation aux <a href=\"https:\/\/www.rec2021.com\" target=\"_blank\" rel=\"noopener\">REC2021<\/a>, \u00ab\u00a0Rencontres de l&rsquo;esprit critique\u00a0\u00bb : table ronde \u00ab\u00a0Esprit critique et \u00e9ducation\u00a0\u00bb, affiches \u00ab\u00a0Jouons avec notre cerveau\u00a0\u00bb (Lab\u00e8ge, Sicoval)<br \/>\n\u2022 Participation aux <a href=\"https:\/\/rec-toulouse.fr\/\" target=\"_blank\" rel=\"noopener\">REC2022<\/a>, \u00ab\u00a0Rencontres de l&rsquo;esprit critique\u00a0\u00bb : table ronde \u00ab\u00a0\u00c9ducation \u00e0 la sexualit\u00e9, st\u00e9r\u00e9otypes et biais normatifs\u00a0\u00bb, ateliers \u00ab\u00a0Cartographie de controverses m\u00e9diatiques en relation avec les sciences\u00a0\u00bb et \u00ab\u00a0Exercer son esprit critique sur les actualit\u00e9s sant\u00e9\u00a0\u00bb, affiches \u00ab\u00a0Jouons avec notre cerveau\u00a0\u00bb (Lab\u00e8ge, Sicoval)<\/p>\n<p align=\"JUSTIFY\"><strong>Ann\u00e9e 2020-2021 :<br \/>\n<\/strong>\u2022 \u00ab\u00a0L&rsquo;esprit critique et sa pratique dans l&rsquo;enseignement\u00a0\u00bb, pour les formateurs de SVT de l\u2019acad\u00e9mie de Toulouse (stage PAF, public d\u00e9sign\u00e9)<br \/>\n\u2022 \u00ab\u00a0Lecture critique de l&rsquo;image\u00a0\u00bb, pour les professeurs documentalistes de l\u2019acad\u00e9mie de Toulouse (stage PAF)<br \/>\n\u2022 \u00ab\u00a0Former \u00e0 l&rsquo;esprit critique en sciences\u00a0\u00bb, pour les professeurs de sciences de l\u2019acad\u00e9mie de Toulouse (formation ICT-ISFEC)<br \/>\n\u2022 \u00ab\u00a0Esprit critique appliqu\u00e9 \u00e0 l&rsquo;histoire des sciences\u00a0\u00bb, pour les professeurs de SVT du bassin Tarn et Garonne (stage PAF, public d\u00e9sign\u00e9)<br \/>\n\u2022 \u00ab\u00a0Former \u00e0 l&rsquo;esprit critique en sciences\u00a0\u00bb, pour les professeurs de coll\u00e8ge-lyc\u00e9e (stage PAF)<br \/>\n\u2022 R\u00e9flexion critique sur le croisement \u00ab\u00a0esprit critique\u00a0\u00bb et \u201cEMI\u201d, \u00e0 destination des coordonnateurs acad\u00e9miques du CLEMI et personnel de l&rsquo;\u00e9quipe nationale du CLEMI<br \/>\n\u2022 Mini-conf\u00e9rence: \u00ab\u00a0Vers la formation de citoyens \u00e9clair\u00e9s\u00a0\u00bb (Forum national \u00ab\u00a0<a href=\"https:\/\/www.fondation-lamap.org\/fr\/forum-national\" target=\"_blank\" rel=\"noopener\">Activons les sciences en classe<\/a>\u00ab\u00a0)<strong><br \/>\n<\/strong><\/p>\n<p align=\"JUSTIFY\"><strong>Ann\u00e9e 2019-2020 :<\/strong><br \/>\n\u2022 Animation du stage PAF \u00a0\u00bb Lecture critique de l&rsquo;image \u00ab\u00a0, pour les professeurs documentalistes<br \/>\n\u2022 Conf\u00e9rence \u00e0 la Maison de la Philosophie : \u00a0\u00bb La r\u00e9sistance au consensus scientifique \u00a0\u00bb<br \/>\n\u2022 Animation d&rsquo;un stage \u00a0\u00bb Adopter et faire adopter une pens\u00e9e critique en classe \u00a0\u00bb pour la pr\u00e9paration \u00e0 l&rsquo;agr\u00e9gation interne de SVT de Toulouse<br \/>\n\u2022 Animation du stage PAF \u00a0\u00bb Former \u00e0 une attitude critique \u00a0\u00bb<br \/>\n\u2022 Animation du stage ICT-ISFEC \u00a0\u00bb Former \u00e0 l&rsquo;esprit critique en sciences \u00ab\u00a0, pour les professeurs de science de l&rsquo;enseignement priv\u00e9<br \/>\n\u2022 Participation au colloque de z\u00e9t\u00e9tique de la Maison de la philosophie, sur le th\u00e8me \u00a0\u00bb Enseignement de l\u2019esprit critique, enjeu majeur dans une soci\u00e9t\u00e9 d\u2019information \u00a0\u00bb<br \/>\n\u2022 Animation du stage PAF \u00a0\u00bb Du savoir savant \u00e0 la classe en SVT &#8211; Histoire des sciences exp\u00e9rimentales et \u00e9pist\u00e9mologie \u00ab\u00a0, Lyc\u00e9e Monnerville de Cahors<\/p>\n<p align=\"JUSTIFY\"><strong>Ann\u00e9e 2018-2019 :<\/strong><br \/>\n\u2022 Animation du stage PAF \u00ab\u00a0De l&rsquo;approche sensible au regard critique : repr\u00e9senter des controverses\u00a0\u00bb, Toulouse<br \/>\n\u2022 Participation au <a href=\"https:\/\/www.reseau-canope.fr\/preac\/preac-sciences-et-societe-toulouse.html\" target=\"_blank\" rel=\"noopener noreferrer\">PREAC \u00ab\u00a0Comment la science permet-elle d\u2019exercer l\u2019esprit critique ?\u00a0\u00bb<\/a><br \/>\n\u2022 Animation du stage PAF \u00ab\u00a0<a href=\"http:\/\/www.svt.site.ac-strasbourg.fr\/dossiers\/pensee-critique\" target=\"_blank\" rel=\"noopener noreferrer\">D\u00e9velopper une pens\u00e9e critique en SVT<\/a>\u00ab\u00a0, Acad\u00e9mie de Strasbourg<br \/>\n\u2022 Animation d&rsquo;un atelier \u00ab\u00a0Sant\u00e9 et fact checking sur internet\u00a0\u00bb lors du <a href=\"http:\/\/www.ac-clermont.fr\/actualite\/sciences-controverses-et-esprit-critique-2018-10-19\/?tx_ttnews%5BbackPid%5D=658\" target=\"_blank\" rel=\"noopener noreferrer\">s\u00e9minaire \u00ab\u00a0Sciences, controverses et esprit critique\u00a0\u00bb \u00e0 Clermont Ferrand<\/a><br \/>\n\u2022 Conf\u00e9rence \u00ab\u00a0Infox et controverses\u00a0\u00bb dans le cadre du PAF, Acad\u00e9mie de Clermont-Ferrand<br \/>\n\u2022 Participation au <a href=\"https:\/\/disciplines.ac-toulouse.fr\/svt\/actualisation-des-connaissances-scientifiques\" target=\"_blank\" rel=\"noopener noreferrer\">stage PAF \u00ab\u00a0Actualisation des connaissances scientifiques en SVT\u00a0\u00bb<\/a> : Histoire des sciences et \u00e9pist\u00e9mologie, controverses scientifiques et pol\u00e9miques soci\u00e9tales, aux lyc\u00e9es de Muret et de Montauban<br \/>\n\u2022 Animation d&rsquo;un stage \u00ab\u00a0Adopter et faire adopter une pens\u00e9e critique en classe\u00a0\u00bb pour la pr\u00e9paration \u00e0 l&rsquo;agr\u00e9gation interne de SVT de Toulouse<br \/>\n\u2022 Animation du stage PAF \u00ab Esprit critique et sant\u00e9 \u00bb, Maison Pour la Science de Toulouse<br \/>\n\u2022 Pr\u00e9sentation sur les mythes nutrition-sant\u00e9 dans le cadre de la semaine de la nutrition, Lyc\u00e9e Ozenne<br \/>\n\u2022 Animation d\u2019un stage FIL \u00ab\u00a0D\u00e9velopper les comp\u00e9tences des enseignants permettant de former les \u00e9l\u00e8ves \u00e0 l\u2019esprit critique\u00a0\u00bb au lyc\u00e9e Cl\u00e9ment Marot, Cahors<br \/>\n\u2022 Participation \u00e0 l\u2019\u00e9v\u00e8nement <a href=\"https:\/\/www.weezevent.com\/apero-brasseurs-de-sciences-mai-2019-esprit-critique\" target=\"_blank\" rel=\"noopener noreferrer\">Brasseurs de Science, sur la th\u00e9matique \u00ab\u00a0Comment \u00e9veiller l&rsquo;esprit critique des jeunes ?\u00a0\u00bb<\/a>, Toulouse<\/p>\n<p align=\"JUSTIFY\"><strong>Ann\u00e9e 2017-2018 :<\/strong><br \/>\n\u2022 Participation au <a href=\"https:\/\/ires.univ-tlse3.fr\/esprit-critique-science-et-medias\/?page_id=611\" target=\"_blank\" rel=\"noopener noreferrer\">s\u00e9minaire \u00ab\u00a0Esprit scientifique, esprit critique\u00a0\u00bb<\/a> organis\u00e9 \u00e0 Paris par la DGESCO et la fondation LAMAP : expos\u00e9 sur l&rsquo;\u00e9laboration de la connaissance en sant\u00e9, pr\u00e9sentation d&rsquo;un poster.<br \/>\n\u2022 Participation aux JDD (Journ\u00e9es d\u00e9partementales des professeurs documentalistes) portant sur le th\u00e8me \u00ab <a href=\"https:\/\/disciplines.ac-toulouse.fr\/documentation\/jdd-2017-18-des-bassins-muret-et-toulouse-est-l-ecole-lieu-de-savoir-et-de-l-esprit-critique-quelles\" target=\"_blank\" rel=\"noopener noreferrer\">l\u2019\u00e9cole lieu de savoir et de l\u2019esprit critique, \u00e0 quelles conditions ?<\/a> \u00bb<br \/>\n\u2022 Participation \u00e0 la formation de formateurs \u00ab\u00a0Science et pens\u00e9e critique\u00a0\u00bb organis\u00e9e par l&rsquo;<a href=\"http:\/\/ife.ens-lyon.fr\/formation-formateurs\/catalogue-des-formations\/formation-2017-18\/science-et-pensee-critique\" target=\"_blank\" rel=\"noopener noreferrer\">IF\u00c9-ENS de Lyon avec le CORTECS de Grenoble<\/a><br \/>\n\u2022 Animation du <a href=\"https:\/\/disciplines.ac-toulouse.fr\/svt\/se-former\/stages-formations\" target=\"_blank\" rel=\"noopener noreferrer\">stage PAF \u00ab\u00a0Actualisation scientifique en SVT : utilisation de mod\u00e8les dans l&rsquo;enseignement des questions de sant\u00e9\u00a0\u00bb<\/a><br \/>\n\u2022 Animation du stage PAF DAAC \u00ab\u00a0Presse et Science\u00a0\u00bb, Toulouse<br \/>\n\u2022 Formation de <a href=\"http:\/\/www.svt.site.ac-strasbourg.fr\/dossiers\/pensee-critique\" target=\"_blank\" rel=\"noopener noreferrer\">formateurs de SVT de l&rsquo;Acad\u00e9mie de Strasbourg<\/a><br \/>\n\u2022 Participation \u00e0 l&rsquo;APIE (atelier p\u00e9dagogique inter-\u00e9tablissements) de Foix<br \/>\n\u2022 Intervention &#8211; formation \u00e9clair aux <a href=\"http:\/\/www.ac-toulouse.fr\/cid131050\/7e-edition-de-la-journee-academique-de-l-innovation-de-40-projets-innovants.html\" target=\"_blank\" rel=\"noopener noreferrer\">Journ\u00e9es acad\u00e9miques de l&rsquo;innovation de Toulouse<\/a><br \/>\n\u2022 Animation d&rsquo;un stage FIL (Formation d&rsquo;initiative locale) au Lyc\u00e9e Rive Gauche, Toulouse<br \/>\n\u2022 Animation d&rsquo;un stage \u00ab\u00a0Adopter et faire adopter une pens\u00e9e critique en classe\u00a0\u00bb pour la pr\u00e9paration \u00e0 l&rsquo;agr\u00e9gation interne de SVT<\/p>\n<p align=\"JUSTIFY\"><strong>Ann\u00e9e 2016-2017 :<\/strong><br \/>\n\u2022 Animation du stage PAF \u00ab\u00a0Actualisation scientifique en SVT : Avoir une compr\u00e9hension des questions de sant\u00e9\u00a0\u00bb<br \/>\n\u2022 Animation du stage PAF DAAC \u201cExercer un jugement critique dans le cadre de l&rsquo;\u00e9ducation aux m\u00e9dias et \u00e0 l&rsquo;information\u201d, \u00e0 destination de professeurs documentalistes et de professeurs de sciences<br \/>\n\u2022 Participation aux <a href=\"https:\/\/ires.univ-tlse3.fr\/esprit-critique-science-et-medias\/?page_id=396\" target=\"_blank\" rel=\"noopener noreferrer\">Printemps de l&rsquo;EMI 2017<\/a> organis\u00e9s par le r\u00e9seau C@nop\u00e9, sur la th\u00e9matique \u201cPratiques informationnelles des jeunes\u201d<br \/>\n\u2022 Conf\u00e9rence pour professeurs et <a href=\"http:\/\/www.svt.site.ac-strasbourg.fr\/dossiers\/pensee-critique\" target=\"_blank\" rel=\"noopener noreferrer\">formation de formateurs de SVT de l&rsquo;Acad\u00e9mie de Strasbourg<\/a><br \/>\n\u2022 Participation \u00e0 la formation de formateurs \u00ab\u00a0Science et pens\u00e9e critique\u00a0\u00bb organis\u00e9e par l&rsquo;<a href=\"http:\/\/ife.ens-lyon.fr\/formation-formateurs\/catalogue-des-formations\/formations-2016-2017\" target=\"_blank\" rel=\"noopener noreferrer\">IF\u00c9-ENS de Lyon avec le CORTECS de Grenoble<\/a><\/p>\n<p align=\"JUSTIFY\"><strong>Ann\u00e9e 2015-2016 :<\/strong><br \/>\n\u2022 Animation du stage PAF \u00ab\u00a0Actualisation scientifique en SVT : Validation des ressources documentaires\u00a0\u00bb<br \/>\n\u2022 Animation d&rsquo;un stage \u00ab\u00a0Approche scientifique des questions de sante\u0301 et esprit critique face aux questions de science et de soci\u00e9t\u00e9\u00a0\u00bb pour la pr\u00e9paration \u00e0 l&rsquo;agr\u00e9gation interne de SVT<\/p>\n<p align=\"JUSTIFY\"><strong>Ann\u00e9e 2014-2015 :<\/strong><br \/>\n\u2022 Organisation d\u2019une conf\u00e9rence de Z\u00e9t\u00e9tique avec Denis Caroti (Cortecs, collectif de recherche transdisciplinaire de l&rsquo;Universit\u00e9 de Grenoble) \u00e0 destination des formateurs et des inspecteurs de SPC et de SVT.<br \/>\n\u2022 Animation du stage PAF \u00ab\u00a0Actualisation scientifique en SVT : Science et questions de soci\u00e9t\u00e9\u00a0\u00bb<\/p>\n<p align=\"JUSTIFY\"><strong>Ann\u00e9e 2013-2014 :<\/strong><br \/>\n\u2022 Animation du stage PAF \u00ab\u00a0Actualisation scientifique en SVT : Science et questions de soci\u00e9t\u00e9\u00a0\u00bb<\/p>\n","protected":false},"excerpt":{"rendered":"<p>Ann\u00e9e 2023-2024 : \u2022 Participation aux \u00ab\u00a0Rencontres de l&rsquo;esprit critique\u00a0\u00bb REC2024 : animation des conf\u00e9rences \u00ab\u00a0L&rsquo;alchimie, quand la science s&rsquo;accordait avec la [&hellip;]<\/p>\n","protected":false},"author":14,"featured_media":0,"parent":0,"menu_order":0,"comment_status":"closed","ping_status":"closed","template":"","meta":{"inline_featured_image":false,"jetpack_post_was_ever_published":false,"footnotes":""},"class_list":["post-171","page","type-page","status-publish","hentry"],"jetpack_sharing_enabled":true,"jetpack_shortlink":"https:\/\/wp.me\/P8paGj-2L","jetpack-related-posts":[],"_links":{"self":[{"href":"https:\/\/ires.univ-tlse3.fr\/esprit-critique-science-et-medias\/index.php?rest_route=\/wp\/v2\/pages\/171","targetHints":{"allow":["GET"]}}],"collection":[{"href":"https:\/\/ires.univ-tlse3.fr\/esprit-critique-science-et-medias\/index.php?rest_route=\/wp\/v2\/pages"}],"about":[{"href":"https:\/\/ires.univ-tlse3.fr\/esprit-critique-science-et-medias\/index.php?rest_route=\/wp\/v2\/types\/page"}],"author":[{"embeddable":true,"href":"https:\/\/ires.univ-tlse3.fr\/esprit-critique-science-et-medias\/index.php?rest_route=\/wp\/v2\/users\/14"}],"replies":[{"embeddable":true,"href":"https:\/\/ires.univ-tlse3.fr\/esprit-critique-science-et-medias\/index.php?rest_route=%2Fwp%2Fv2%2Fcomments&post=171"}],"version-history":[{"count":43,"href":"https:\/\/ires.univ-tlse3.fr\/esprit-critique-science-et-medias\/index.php?rest_route=\/wp\/v2\/pages\/171\/revisions"}],"predecessor-version":[{"id":1800,"href":"https:\/\/ires.univ-tlse3.fr\/esprit-critique-science-et-medias\/index.php?rest_route=\/wp\/v2\/pages\/171\/revisions\/1800"}],"wp:attachment":[{"href":"https:\/\/ires.univ-tlse3.fr\/esprit-critique-science-et-medias\/index.php?rest_route=%2Fwp%2Fv2%2Fmedia&parent=171"}],"curies":[{"name":"wp","href":"https:\/\/api.w.org\/{rel}","templated":true}]}}