{"id":49,"date":"2017-11-13T22:45:25","date_gmt":"2017-11-13T21:45:25","guid":{"rendered":"http:\/\/ires.univ-tlse3.fr\/curiodiversites\/?page_id=49"},"modified":"2018-04-25T17:57:47","modified_gmt":"2018-04-25T15:57:47","slug":"accueil","status":"publish","type":"page","link":"https:\/\/ires.univ-tlse3.fr\/curiodiversites\/","title":{"rendered":"Le projet"},"content":{"rendered":"<p style=\"text-align: justify\">Dans l\u2019esprit de ce qui s\u2019est fait lors de l\u2019Ann\u00e9e de la Chimie avec la construction du tableau p\u00e9riodique g\u00e9ant, de l\u2019Ann\u00e9e de la Lumi\u00e8re avec le projet des \u00ab <a href=\"http:\/\/www.lumipy.fr\/couleurs_dans_le_spectre.html\">Couleurs dans le spectre<\/a> \u00bb et du dernier en date \u00ab <a href=\"https:\/\/ires.univ-tlse3.fr\/infini\/\">De l\u2019infiniment petit \u00e0 l\u2019infiniment grand<\/a> \u00bb, l\u2019IRES de Toulouse propose de cr\u00e9er en 2017-2018, avec des classes de l\u2019acad\u00e9mie de Toulouse, un projet de culture scientifique \u00ab Le Cabinet des curiodiversit\u00e9s \u00bb. Il se concr\u00e9tisera dans un colloque des \u00e9l\u00e8ves et se mat\u00e9rialisera par une exposition illustrant la biodiversit\u00e9 actuelle et pass\u00e9e. Ce projet s\u2019adresse aux \u00e9l\u00e8ves du cycle 3 jusqu\u2019aux \u00e9l\u00e8ves de lyc\u00e9es g\u00e9n\u00e9raux, technologiques et professionnels.<\/p>\n<p><img decoding=\"async\" class=\"size-medium wp-image-92 aligncenter\" src=\"http:\/\/ires.univ-tlse3.fr\/curiodiversites\/wp-content\/uploads\/sites\/34\/2018\/04\/Logotype-ESOF-Label-WEB-300x129.jpg\" alt=\"\" width=\"300\" height=\"129\" srcset=\"https:\/\/ires.univ-tlse3.fr\/curiodiversites\/wp-content\/uploads\/sites\/34\/2018\/04\/Logotype-ESOF-Label-WEB-300x129.jpg 300w, https:\/\/ires.univ-tlse3.fr\/curiodiversites\/wp-content\/uploads\/sites\/34\/2018\/04\/Logotype-ESOF-Label-WEB-768x331.jpg 768w, https:\/\/ires.univ-tlse3.fr\/curiodiversites\/wp-content\/uploads\/sites\/34\/2018\/04\/Logotype-ESOF-Label-WEB.jpg 907w\" sizes=\"(max-width: 300px) 85vw, 300px\" \/><\/p>\n<div><b>Cet \u00e9v\u00e9nement a obtenu le label ESOF Toulouse 2018.<\/b><\/div>\n<div><b>A propos d\u2019ESOF Toulouse 2018 :<\/b><\/div>\n<div>\n<p style=\"text-align: justify\">Plus grande biennale europ\u00e9enne sur la science et l\u2019Innovation en Europe, l\u2019EuroScience Open Forum (ESOF) aura lieu \u00e0 Toulouse du 9 au 14 juillet 2018.\u00a0Parce qu\u2019elle accueille cet \u00e9v\u00e9nement, Toulouse deviendra en 2018 \u00ab Cit\u00e9 europ\u00e9enne de la Science \u00bb.<\/p>\n<p style=\"text-align: justify\">ESOF 2018 aura pour th\u00e8me \u00ab Partager la science : vers de nouveaux horizons \u00bb. L\u2019\u00e9v\u00e9nement s\u2019articulera autour de cinq volets &#8211; \u00ab Science \u00bb, \u00ab Science Policy \u00bb, \u00ab Science to Business \u00bb, \u00ab Careers \u00bb, \u00ab Media &amp; Science Communication \u00bb, d\u2019une exposition professionnelle et d\u2019un festival destin\u00e9 au grand public \u00ab Science in the City \u00bb. Un ensemble de th\u00e9matiques couvrant tous les domaines scientifiques et leurs relations avec la soci\u00e9t\u00e9 seront abord\u00e9s dans cette manifestation multidisciplinaire au travers de conf\u00e9rences, expositions et \u00e9v\u00e9nements satellites.<\/p>\n<\/div>\n<div>\n<div><strong>\u00a0Les partenaires:\u00a0<\/strong><\/div>\n<div><img fetchpriority=\"high\" decoding=\"async\" class=\"alignnone wp-image-102 aligncenter\" src=\"http:\/\/ires.univ-tlse3.fr\/curiodiversites\/wp-content\/uploads\/sites\/34\/2018\/04\/Partenaires-300x249.png\" alt=\"\" width=\"480\" height=\"398\" srcset=\"https:\/\/ires.univ-tlse3.fr\/curiodiversites\/wp-content\/uploads\/sites\/34\/2018\/04\/Partenaires-300x249.png 300w, https:\/\/ires.univ-tlse3.fr\/curiodiversites\/wp-content\/uploads\/sites\/34\/2018\/04\/Partenaires.png 755w\" sizes=\"(max-width: 480px) 85vw, 480px\" \/><\/div>\n<\/div>\n<p>&nbsp;<\/p>\n","protected":false},"excerpt":{"rendered":"<p>Dans l\u2019esprit de ce qui s\u2019est fait lors de l\u2019Ann\u00e9e de la Chimie avec la construction du tableau p\u00e9riodique g\u00e9ant, de l\u2019Ann\u00e9e de la Lumi\u00e8re avec le projet des \u00ab Couleurs dans le spectre \u00bb et du dernier en date \u00ab De l\u2019infiniment petit \u00e0 l\u2019infiniment grand \u00bb, l\u2019IRES de Toulouse propose de cr\u00e9er en &hellip; <a href=\"https:\/\/ires.univ-tlse3.fr\/curiodiversites\/\" class=\"more-link\">Continuer la lecture<span class=\"screen-reader-text\"> de &laquo;&nbsp;Le projet&nbsp;&raquo;<\/span><\/a><\/p>\n","protected":false},"author":9,"featured_media":0,"parent":0,"menu_order":0,"comment_status":"closed","ping_status":"closed","template":"","meta":{"inline_featured_image":false,"footnotes":""},"class_list":["post-49","page","type-page","status-publish","hentry"],"_links":{"self":[{"href":"https:\/\/ires.univ-tlse3.fr\/curiodiversites\/wp-json\/wp\/v2\/pages\/49","targetHints":{"allow":["GET"]}}],"collection":[{"href":"https:\/\/ires.univ-tlse3.fr\/curiodiversites\/wp-json\/wp\/v2\/pages"}],"about":[{"href":"https:\/\/ires.univ-tlse3.fr\/curiodiversites\/wp-json\/wp\/v2\/types\/page"}],"author":[{"embeddable":true,"href":"https:\/\/ires.univ-tlse3.fr\/curiodiversites\/wp-json\/wp\/v2\/users\/9"}],"replies":[{"embeddable":true,"href":"https:\/\/ires.univ-tlse3.fr\/curiodiversites\/wp-json\/wp\/v2\/comments?post=49"}],"version-history":[{"count":8,"href":"https:\/\/ires.univ-tlse3.fr\/curiodiversites\/wp-json\/wp\/v2\/pages\/49\/revisions"}],"predecessor-version":[{"id":112,"href":"https:\/\/ires.univ-tlse3.fr\/curiodiversites\/wp-json\/wp\/v2\/pages\/49\/revisions\/112"}],"wp:attachment":[{"href":"https:\/\/ires.univ-tlse3.fr\/curiodiversites\/wp-json\/wp\/v2\/media?parent=49"}],"curies":[{"name":"wp","href":"https:\/\/api.w.org\/{rel}","templated":true}]}}

<p style="text-align: justify">Dans l’esprit de ce qui s’est fait lors de l’Année de la Chimie avec la construction du tableau périodique géant, de l’Année de la Lumière avec le projet des « <a href="http://www.lumipy.fr/couleurs_dans_le_spectre.html">Couleurs dans le spectre</a> » et du dernier en date « <a href="https://ires.univ-tlse3.fr/infini/">De l’infiniment petit à l’infiniment grand</a> », l’IRES de Toulouse propose de créer en 2017-2018, avec des classes de l’académie de Toulouse, un projet de culture scientifique « Le Cabinet des curiodiversités ». Il se concrétisera dans un colloque des élèves et se matérialisera par une exposition illustrant la biodiversité actuelle et passée. Ce projet s’adresse aux élèves du cycle 3 jusqu’aux élèves de lycées généraux, technologiques et professionnels.</p>
<p><img decoding="async" class="size-medium wp-image-92 aligncenter" src="http://ires.univ-tlse3.fr/curiodiversites/wp-content/uploads/sites/34/2018/04/Logotype-ESOF-Label-WEB-300x129.jpg" alt="" width="300" height="129" srcset="https://ires.univ-tlse3.fr/curiodiversites/wp-content/uploads/sites/34/2018/04/Logotype-ESOF-Label-WEB-300x129.jpg 300w, https://ires.univ-tlse3.fr/curiodiversites/wp-content/uploads/sites/34/2018/04/Logotype-ESOF-Label-WEB-768x331.jpg 768w, https://ires.univ-tlse3.fr/curiodiversites/wp-content/uploads/sites/34/2018/04/Logotype-ESOF-Label-WEB.jpg 907w" sizes="(max-width: 300px) 85vw, 300px" /></p>
<div><b>Cet événement a obtenu le label ESOF Toulouse 2018.</b></div>
<div><b>A propos d’ESOF Toulouse 2018 :</b></div>
<div>
<p style="text-align: justify">Plus grande biennale européenne sur la science et l’Innovation en Europe, l’EuroScience Open Forum (ESOF) aura lieu à Toulouse du 9 au 14 juillet 2018. Parce qu’elle accueille cet événement, Toulouse deviendra en 2018 « Cité européenne de la Science ».</p>
<p style="text-align: justify">ESOF 2018 aura pour thème « Partager la science : vers de nouveaux horizons ». L’événement s’articulera autour de cinq volets &#8211; « Science », « Science Policy », « Science to Business », « Careers », « Media &amp; Science Communication », d’une exposition professionnelle et d’un festival destiné au grand public « Science in the City ». Un ensemble de thématiques couvrant tous les domaines scientifiques et leurs relations avec la société seront abordés dans cette manifestation multidisciplinaire au travers de conférences, expositions et événements satellites.</p>
</div>
<div>
<div><strong> Les partenaires: </strong></div>
<div><img fetchpriority="high" decoding="async" class="alignnone wp-image-102 aligncenter" src="http://ires.univ-tlse3.fr/curiodiversites/wp-content/uploads/sites/34/2018/04/Partenaires-300x249.png" alt="" width="480" height="398" srcset="https://ires.univ-tlse3.fr/curiodiversites/wp-content/uploads/sites/34/2018/04/Partenaires-300x249.png 300w, https://ires.univ-tlse3.fr/curiodiversites/wp-content/uploads/sites/34/2018/04/Partenaires.png 755w" sizes="(max-width: 480px) 85vw, 480px" /></div>
</div>
<p>&nbsp;</p>

<p>Dans l’esprit de ce qui s’est fait lors de l’Année de la Chimie avec la construction du tableau périodique géant, de l’Année de la Lumière avec le projet des « Couleurs dans le spectre » et du dernier en date « De l’infiniment petit à l’infiniment grand », l’IRES de Toulouse propose de créer en &hellip; <a href="https://ires.univ-tlse3.fr/curiodiversites/" class="more-link">Continuer la lecture<span class="screen-reader-text"> de &laquo;&nbsp;Le projet&nbsp;&raquo;</span></a></p>
