{"id":48,"date":"2018-10-17T00:23:44","date_gmt":"2018-10-16T22:23:44","guid":{"rendered":"http:\/\/ires.univ-tlse3.fr\/chimie-au-coeur-des-sciences\/?page_id=48"},"modified":"2018-10-17T00:25:08","modified_gmt":"2018-10-16T22:25:08","slug":"le-calendrier","status":"publish","type":"page","link":"https:\/\/ires.univ-tlse3.fr\/chimie-au-coeur-des-sciences\/le-calendrier\/","title":{"rendered":"Le calendrier"},"content":{"rendered":"<ul>\n<li>Mercredi 3 octobre:<br \/>\nConf\u00e9rence d&rsquo;Armand Lattes, professeur \u00e9m\u00e9rite des universit\u00e9s en chimie \u00e0 l&rsquo;universit\u00e9 Toulouse III &#8211; Paul-Sabatier<br \/>\nR\u00e9union de pr\u00e9sentation du projet<\/li>\n<li>octobre 2018-avril 2019 : production par les \u00e9l\u00e8ves<\/li>\n<li>19 avril 2019 : restitution des dossiers (mod\u00e8le fourni)<\/li>\n<li>19 avril 2019 : restitution de la pr\u00e9sentation (mod\u00e8le fourni)<\/li>\n<li>10 mai 2019 : colloque scientifique des \u00e9l\u00e8ves.<\/li>\n<\/ul>\n","protected":false},"excerpt":{"rendered":"<p>Mercredi 3 octobre: Conf\u00e9rence d&rsquo;Armand Lattes, professeur \u00e9m\u00e9rite des universit\u00e9s en chimie \u00e0 l&rsquo;universit\u00e9 Toulouse III &#8211; Paul-Sabatier R\u00e9union de pr\u00e9sentation du projet octobre 2018-avril 2019 : production par les \u00e9l\u00e8ves 19 avril 2019 : restitution des dossiers (mod\u00e8le fourni) 19 avril 2019 : restitution de la pr\u00e9sentation (mod\u00e8le fourni) 10 mai 2019 : colloque &hellip; <a href=\"https:\/\/ires.univ-tlse3.fr\/chimie-au-coeur-des-sciences\/le-calendrier\/\" class=\"more-link\">Continuer la lecture<span class=\"screen-reader-text\"> de &laquo;&nbsp;Le calendrier&nbsp;&raquo;<\/span><\/a><\/p>\n","protected":false},"author":12,"featured_media":0,"parent":0,"menu_order":0,"comment_status":"closed","ping_status":"closed","template":"","meta":{"inline_featured_image":false,"footnotes":""},"class_list":["post-48","page","type-page","status-publish","hentry"],"_links":{"self":[{"href":"https:\/\/ires.univ-tlse3.fr\/chimie-au-coeur-des-sciences\/wp-json\/wp\/v2\/pages\/48","targetHints":{"allow":["GET"]}}],"collection":[{"href":"https:\/\/ires.univ-tlse3.fr\/chimie-au-coeur-des-sciences\/wp-json\/wp\/v2\/pages"}],"about":[{"href":"https:\/\/ires.univ-tlse3.fr\/chimie-au-coeur-des-sciences\/wp-json\/wp\/v2\/types\/page"}],"author":[{"embeddable":true,"href":"https:\/\/ires.univ-tlse3.fr\/chimie-au-coeur-des-sciences\/wp-json\/wp\/v2\/users\/12"}],"replies":[{"embeddable":true,"href":"https:\/\/ires.univ-tlse3.fr\/chimie-au-coeur-des-sciences\/wp-json\/wp\/v2\/comments?post=48"}],"version-history":[{"count":1,"href":"https:\/\/ires.univ-tlse3.fr\/chimie-au-coeur-des-sciences\/wp-json\/wp\/v2\/pages\/48\/revisions"}],"predecessor-version":[{"id":49,"href":"https:\/\/ires.univ-tlse3.fr\/chimie-au-coeur-des-sciences\/wp-json\/wp\/v2\/pages\/48\/revisions\/49"}],"wp:attachment":[{"href":"https:\/\/ires.univ-tlse3.fr\/chimie-au-coeur-des-sciences\/wp-json\/wp\/v2\/media?parent=48"}],"curies":[{"name":"wp","href":"https:\/\/api.w.org\/{rel}","templated":true}]}}