{"id":37,"date":"2018-10-17T00:10:52","date_gmt":"2018-10-16T22:10:52","guid":{"rendered":"http:\/\/ires.univ-tlse3.fr\/chimie-au-coeur-des-sciences\/?page_id=37"},"modified":"2019-03-17T18:22:00","modified_gmt":"2019-03-17T17:22:00","slug":"organisation","status":"publish","type":"page","link":"https:\/\/ires.univ-tlse3.fr\/chimie-au-coeur-des-sciences\/organisation\/","title":{"rendered":"Organisation"},"content":{"rendered":"<p>Chaque projet s\u2019est vu confier un th\u00e8me. Il s\u2019agit de l\u2019illustrer sur le support fourni. L\u2019ensemble des productions sera assembl\u00e9 sur une frise chronologique.<\/p>\n<p>La production est\u00a0<strong>totalement libre<\/strong>\u00a0(peinture, collage, image num\u00e9rique\u2026). La seule contrainte est celle de la dimension\u00a0: un ch\u00e2ssis fourni 61 cm * 50 cm au format \u2018<strong>Portrait\u2019.<\/strong><\/p>\n<p><strong>Un dossier<\/strong>\u00a0est \u00e0 r\u00e9aliser bas\u00e9 sur une recherche documentaire sur la d\u00e9couverte et les applications du domaine consid\u00e9r\u00e9. Un mod\u00e8le de dossier a \u00e9t\u00e9 envoy\u00e9 dans le but d\u2019homog\u00e9n\u00e9iser la pr\u00e9sentation. La mise en page est donc \u00e0 respecter.\u00a0 <a href=\"http:\/\/ires.univ-tlse3.fr\/chimie-au-coeur-des-sciences\/wp-content\/uploads\/sites\/37\/2018\/11\/Mod\u00e8le-dossier.pdf\">Mod\u00e8le dossier<\/a><\/p>\n<p>Le dossier consiste en deux feuilles A4. Un espace est r\u00e9serv\u00e9 pour la photographie de la production r\u00e9alis\u00e9e ainsi que pour celle de la classe. Le corps du texte est divis\u00e9 en plusieurs sections.<\/p>\n<p>Ce dossier est \u00e0 envoyer avant le 19 avril 2019 de mani\u00e8re \u00e0 ce que nous puissions les compiler sous forme\u00a0<strong>d\u2019actes de colloque.<\/strong><\/p>\n<p>Ces actes seront publi\u00e9s puis diffus\u00e9s dans les CDI et \u00e9tablissements de l\u2019acad\u00e9mie.<\/p>\n<p>Lors du\u00a0<strong>colloque scientifique\u00a0<\/strong>qui aura lieu le 10 mai 2019 \u00e0 l\u2019Universit\u00e9 Paul Sabatier,\u00a0<strong>3\u00a0<\/strong>repr\u00e9sentants de chaque projet viendront pr\u00e9senter leurs travaux oralement sous la forme d\u2019un expos\u00e9 de 10 min, qui sera\u00a0<strong>en anglais pour un certain nombre de groupes<\/strong> avec les contraintes li\u00e9es au d\u00e9roulement d\u2019un colloque. <a href=\"http:\/\/ires.univ-tlse3.fr\/chimie-au-coeur-des-sciences\/wp-content\/uploads\/sites\/37\/2019\/03\/Mod\u00e8le-de-pr\u00e9sentation.pdf\">Mod\u00e8le de pr\u00e9sentation<\/a>\u00a0(\u00e0 renvoyer avant le 19 avril 2019)<\/p>\n<p>Le colloque sera film\u00e9 et enregistr\u00e9 de fa\u00e7on \u00e0 ce que notamment il puisse \u00eatre pr\u00e9sent\u00e9 aux \u00e9l\u00e8ves n\u2019ayant pas assist\u00e9 \u00e0 cette journ\u00e9e.<\/p>\n","protected":false},"excerpt":{"rendered":"<p>Chaque projet s\u2019est vu confier un th\u00e8me. Il s\u2019agit de l\u2019illustrer sur le support fourni. L\u2019ensemble des productions sera assembl\u00e9 sur une frise chronologique. La production est\u00a0totalement libre\u00a0(peinture, collage, image num\u00e9rique\u2026). La seule contrainte est celle de la dimension\u00a0: un ch\u00e2ssis fourni 61 cm * 50 cm au format \u2018Portrait\u2019. Un dossier\u00a0est \u00e0 r\u00e9aliser bas\u00e9 &hellip; <a href=\"https:\/\/ires.univ-tlse3.fr\/chimie-au-coeur-des-sciences\/organisation\/\" class=\"more-link\">Continuer la lecture<span class=\"screen-reader-text\"> de &laquo;&nbsp;Organisation&nbsp;&raquo;<\/span><\/a><\/p>\n","protected":false},"author":12,"featured_media":0,"parent":0,"menu_order":0,"comment_status":"closed","ping_status":"closed","template":"","meta":{"inline_featured_image":false,"footnotes":""},"class_list":["post-37","page","type-page","status-publish","hentry"],"_links":{"self":[{"href":"https:\/\/ires.univ-tlse3.fr\/chimie-au-coeur-des-sciences\/wp-json\/wp\/v2\/pages\/37","targetHints":{"allow":["GET"]}}],"collection":[{"href":"https:\/\/ires.univ-tlse3.fr\/chimie-au-coeur-des-sciences\/wp-json\/wp\/v2\/pages"}],"about":[{"href":"https:\/\/ires.univ-tlse3.fr\/chimie-au-coeur-des-sciences\/wp-json\/wp\/v2\/types\/page"}],"author":[{"embeddable":true,"href":"https:\/\/ires.univ-tlse3.fr\/chimie-au-coeur-des-sciences\/wp-json\/wp\/v2\/users\/12"}],"replies":[{"embeddable":true,"href":"https:\/\/ires.univ-tlse3.fr\/chimie-au-coeur-des-sciences\/wp-json\/wp\/v2\/comments?post=37"}],"version-history":[{"count":6,"href":"https:\/\/ires.univ-tlse3.fr\/chimie-au-coeur-des-sciences\/wp-json\/wp\/v2\/pages\/37\/revisions"}],"predecessor-version":[{"id":84,"href":"https:\/\/ires.univ-tlse3.fr\/chimie-au-coeur-des-sciences\/wp-json\/wp\/v2\/pages\/37\/revisions\/84"}],"wp:attachment":[{"href":"https:\/\/ires.univ-tlse3.fr\/chimie-au-coeur-des-sciences\/wp-json\/wp\/v2\/media?parent=37"}],"curies":[{"name":"wp","href":"https:\/\/api.w.org\/{rel}","templated":true}]}}